?
True
Is 5587 a prime number?
False
Is 653 prime?
True
Is 643949 a composite number?
False
Is 27065 composite?
True
Is 137963 prime?
False
Is 653743 a composite number?
False
Is 314927 prime?
True
Is 50087 a prime number?
True
Is 34583 a prime number?
True
Is 3989 a composite number?
False
Is 24749 composite?
False
Is 468737 composite?
False
Is 404123 a composite number?
False
Is 5789 a composite number?
True
Is 9967 prime?
True
Is 31835 a composite number?
True
Is 3281447 composite?
True
Is 497093 a composite number?
False
Is 34663 a composite number?
True
Is 6689 prime?
True
Is 9277 a composite number?
False
Is 33457 composite?
False
Is 2208491 prime?
True
Is 8623 composite?
False
Is 27179 composite?
False
Is 278543 a prime number?
True
Is 14071 prime?
True
Is 18797 a composite number?
False
Is 22229 composite?
False
Is 424519 prime?
True
Is 11591 a composite number?
True
Is 72859 a composite number?
False
Is 188489 prime?
False
Is 100169 a composite number?
False
Is 2499927 composite?
True
Is 1133731 composite?
False
Is 23239 a composite number?
True
Is 12721 a composite number?
False
Is 88991 composite?
True
Is 1367 a composite number?
False
Is 63419 a composite number?
False
Is 346661 prime?
False
Is 183697 a composite number?
False
Is 1234 composite?
True
Is 391661 prime?
True
Is 123949 prime?
False
Is 1931 a composite number?
False
Is 525241 composite?
False
Is 919223 composite?
False
Is 570161 a composite number?
False
Is 260749 prime?
False
Is 219119 a prime number?
True
Is 172849 prime?
True
Is 3711 composite?
True
Is 2424935 composite?
True
Is 10379 composite?
True
Is 57347 a prime number?
True
Is 205867 prime?
False
Is 93211 a prime number?
False
Is 23789 composite?
False
Is 87929 prime?
False
Is 51323 prime?
False
Is 50027 prime?
False
Is 23169 a prime number?
False
Is 28123 a prime number?
True
Is 224563 a composite number?
False
Is 13847 a composite number?
True
Is 4229 a prime number?
True
Is 527 prime?
False
Is 50497 prime?
True
Is 359077 a prime number?
False
Is 67547 composite?
False
Is 974 a composite number?
True
Is 122443 a composite number?
False
Is 59113 a prime number?
True
Is 40739 prime?
True
Is 22217 prime?
False
Is 6803 a composite number?
False
Is 9383 a composite number?
True
Is 316913 prime?
False
Is 118453 a prime number?
True
Is 2143457 prime?
False
Is 15229 prime?
False
Is 35831 a prime number?
True
Is 104389 prime?
False
Is 158443 a prime number?
True
Is 342929 a prime number?
True
Is 30757 a composite number?
False
Is 9197 a prime number?
False
Is 1239341 composite?
False
Is 1319 a composite number?
False
Is 35339 a composite number?
False
Is 499846 a prime number?
False
Is 61373 a composite number?
True
Is 412249 prime?
True
Is 4603 composite?
False
Is 10529 a composite number?
False
Is 107309 prime?
True
Is 9793 composite?
True
Is 1470745 composite?
True
Is 36649 prime?
False
Is 20231 prime?
True
Is 9901 prime?
True
Is 976951 a composite number?
False
Is 61121 a prime number?
True
Is 302079 a composite number?
True
Is 96029 composite?
True
Is 32378 a prime number?
False
Is 424679 a composite number?
False
Is 51179 a prime number?
False
Is 3863 a composite number?
False
Is 13917 a prime number?
False
Is 28189 a composite number?
True
Is 178319 a composite number?
True
Is 2879 a composite number?
False
Is 25735 composite?
True
Is 185095 a prime number?
False
Is 1726 prime?
False
Is 7739 a prime number?
False
Is 211583 a prime number?
True
Is 1801 composite?
False
Is 19031 a prime number?
True
Is 717659 prime?
True
Is 240089 prime?
True
Is 48731 composite?
False
Is 5899 a prime number?
False
Is 127 a composite number?
False
Is 1473515 composite?
True
Is 148079 a composite number?
False
Is 3011 composite?
False
Is 42221 prime?
True
Is 7705229 prime?
False
Is 25427 a prime number?
False
Is 177563 a composite number?
True
Is 26627 a composite number?
False
Is 52613 composite?
True
Is 382039 prime?
False
Is 21767 prime?
True
Is 110711 prime?
True
Is 82019 a composite number?
True
Is 172957 composite?
True
Is 4405 composite?
True
Is 315127 prime?
True
Is 42589 prime?
True
Is 54193 a composite number?
False
Is 71571 composite?
True
Is 11127 a composite number?
True
Is 17837 prime?
True
Is 472769 composite?
True
Is 233069 composite?
False
Is 618207 a composite number?
True
Is 390263 composite?
False
Is 1161451 prime?
False
Is 1973 composite?
False
Is 31523 prime?
False
Is 2319 composite?
True
Is 122407 composite?
True
Is 59941 prime?
False
Is 75219 a prime number?
False
Is 3977 composite?
True
Is 613 prime?
True
Is 12251 a prime number?
True
Is 55073 composite?
False
Is 273419 composite?
True
Is 85411 a prime number?
True
Is 514207 a composite number?
True
Is 792445 a composite number?
True
Is 2395 a prime number?
False
Is 1673 composite?
True
Is 105751 a prime number?
True
Is 29333 prime?
True
Is 1637 composite?
False
Is 591485 a composite number?
True
Is 79 composite?
False
Is 93161 composite?
True
Is 653 prime?
True
Is 1959659 a prime number?
False
Is 541 a prime number?
True
Is 165701 a prime number?
True
Is 357793 a prime number?
True
Is 81311 composite?
True
Is 37931 a prime number?
False
Is 30737 a composite number?
True
Is 104309 a composite number?
False
Is 17054 a prime number?
False
Is 2305 prime?
False
Is 28477 prime?
True
Is 11113 a composite number?
False
Is 188171 prime?
True
Is 62039 prime?
True
Is 22579 prime?
False
Is 858965 a composite number?
True
Is 3132887 a prime number?
True
Is 3269681 a composite number?
False
Is 9863 composite?
True
Is 46301 prime?
True
Is 16495 a prime number?
False
Is 77929 a composite number?
False
Is 255413 a composite number?
False
Is 79589 composite?
False
Is 217207 prime?
True
Is 6619 a composite number?
False
Is 21214 a prime number?
False
Is 20047 prime?
True
Is 300463 prime?
True
Is 51151 a prime number?
True
Is 231995 a prime number?
False
Is 236813 a prime number?
True
Is 368689 a composite number?
False
Is 368351 a prime number?
False
Is 6107 composite?
True
Is 40459 composite?
False
Is 2291 a composite number?
True
Is 16535 a composite number?
True
Is 4853 a composite number?
True
Is 25523 composite?
False
Is 28901 a prime number?
True
Is 2149 a prime number?
False
Is 23773 a composite number?
False
Is 893753 a prime number?
False
Is 541 prime?
True
Is 218069 composite?
False
Is 286985 a prime number?
False
Is 8301 composite?
True
Is 675713 prime?
True
Is 283853 prime?
False
Is 136963 a prime number?
True
Is 19631 a prime number?
False
Is 557117 a composite number?
True
Is 48005 prime?
False
Is 11647 a prime number?
False
Is 3047 composite?
True
Is 4508329 a prime number?
False
Is 353293 a composite number?
False
Is 977 a prime number?
True
Is 3874369 composite?
False
Is 11311 prime?
True
Is 1015262 a prime number?
False
Is 30399 composite?
True
Is 135301 composite?
False
Is 10831 prime?
True
Is 7741 composite?
False
Is 34681 a prime number?
False
Is 13609 prime?
False
Is 296501 composite?
True
Is 20014 a prime number?
False
Is 20807 a composite number?
False
Is 42779 composite?
True
Is 17165 a composite number?
True
Is 423397 composite?
True
Is 304687 composite?
False
Is 10771 a prime number?
True
Is 9059 prime?
True
Is 2155 a prime number?
False
Is 61801 a composite number?
True
Is 42727 a prime number?
True
Is 77114 prime?
False
Is 5071 prime?
False
Is 5269 a prime number?
False
Is 145387 composite?
True
Is 5158763 composite?
False
Is 1036787 composite?
False
Is 147635 composite?
True
Is 18013 a prime number?
True
Is 122639 prime?
False
Is 628799 composite?
False
Is 605671 composite?
True
Is 1323089 a prime number?
False
Is 66029 composite?
False
Is 47903 a composite number?
False
Is 37946 prime?
False
Is 129205 a prime number?
False
Is 614099 a prime number?
False
Is 6331 prime?
False
Is 107443 composite?
True
Is 72799 a composite number?
True
Is 17071 a prime number?
False
Is 8887 composite?
False
Is 676349 prime?
True
Is 38089 a composite number?
True
Is 460547 a prime number?
False
Is 6733 prime?
True
Is 109 prime?
True
Is 449 a composite number?
False
Is 485249 a composite number?
True
Is 2203 a prime number?
True
Is 329 composite?
True
Is 125017 a composite number?
False
Is 143687 prime?
True
Is 1334813 composite?
False
Is 43387 composite?
True